 when 19 is divided by (((-476)/4)/7)/(-1)?
2
Let l = -1597 - -1648. Calculate the remainder when 353 is divided by l.
47
Let s(p) = -p**2 + p + 1. Let a(i) = -3*i**2 + 8*i - 8. Let h(d) = -a(d) + 2*s(d). What is the remainder when 78 is divided by h(6)?
8
Let n(k) = 73*k + 1. Let l be n(1). Let t = -45 + l. Calculate the remainder when 86 is divided by t.
28
Let x be ((-39)/(-9))/(1/54). Suppose f + 5*f = x. What is the remainder when f is divided by 21?
18
Suppose -m = -5*a - 375, -2*m + a + 774 = -3*a. Suppose 4*w + 12 = 4, 5*v = 5*w + m. Calculate the remainder when v is divided by 13.
12
Let s be (27/15)/((-5)/(-50)). Suppose 3 = f - s. Calculate the remainder when 60 is divided by f.
18
Suppose 5*c - 39 = -l, 3*l + 0*l = -3*c + 57. Calculate the remainder when 53 is divided by l.
11
Let q(v) = -4*v - 6. Let t be q(-2). Suppose -2*d = -t*p + 42, -2*p - 2*d + 84 = 3*p. What is the remainder when 33 is divided by p?
15
Let p(i) = -i**2 + 4*i. Let y(o) = -4*o**2 + 13*o + 1. Let w(n) = 14*p(n) - 4*y(n). What is the remainder when w(3) is divided by 14?
12
Let s = -18 + 22. Suppose 36 = s*j - 0. Suppose -4*g - 325 = -j*g. What is the remainder when g is divided by 34?
31
Let o(b) = b**3 - 7*b**2 - 8*b + 5. Let k be o(8). What is the remainder when 286 is divided by k + -7 + -1 + 11*4?
40
Suppose 0 = -5*i + 2722 + 1843. Let a = 12 - 1. What is the remainder when (-2)/4 + i/22 is divided by a?
8
Let o = -40 + 189. Let u = o - 87. Let t = u + -41. Calculate the remainder when 60 is divided by t.
18
Calculate the remainder when 75 is divided by 27/4 - (-5 + 23/4).
3
Suppose -28 = -2*u - 18. Calculate the remainder when 177 is divided by u.
2
Let w(p) = 2*p**3 - p**2 - 2*p + 4. Let o be w(3). Suppose 0 = i - o + 17. What is the remainder when 50 is divided by i?
24
Suppose 0 = -7*a - 6 + 97. Suppose 15*o = a*o + 40. What is the remainder when 59 is divided by o?
19
Suppose 11*u = 364 + 516. What is the remainder when u is divided by 17?
12
What is the remainder when (-2)/(10/(-590)*2) is divided by 13?
7
Let k(q) = 7*q - 3. Calculate the remainder when 554/6 - (-5)/(-15) is divided by k(4).
17
Suppose -7*n - i + 72 = -3*n, 0 = -5*n - 5*i + 90. Let f = 69 + -32. Suppose -s = 4 - f. Calculate the remainder when s is divided by n.
15
Let r = 213 - 204. What is the remainder when 42 is divided by r?
6
Calculate the remainder when 3*10/15 - -147 is divided by 33.
17
Let y(h) = 6*h + 50. Calculate the remainder when 247 is divided by y(0).
47
Let b = -786 - -1239. Suppose -4*v + j = -b, 0 = 5*j - 5 + 30. What is the remainder when v is divided by 23?
20
Suppose 3*f + 9 = c - 3, 0 = f + 3. Suppose c*n - 4*q = 1164, 0 = -3*n + 2*n + 5*q + 399. Calculate the remainder when 80 is divided by 6/(-14) + n/14.
26
Suppose d + 5*d - 108 = 0. What is the remainder when (-5 - 0) + (-228)/(-4) is divided by d?
16
Let s(x) = 2*x**3 + 25*x**2 - 13*x + 7. Suppose -4*f + w = -53, 4*w = 2*f - 26 - 18. Calculate the remainder when f is divided by s(-13).
5
Let s(f) = -21*f - 82. Calculate the remainder when s(-7) is divided by 34.
31
Let f = 209 - 198. Let z = 74 - 33. What is the remainder when z is divided by f?
8
Let m(z) = 292*z**2 - 9*z + 9. What is the remainder when m(1) is divided by 49?
47
Let q = -593 - -646. Calculate the remainder when 197 is divided by q.
38
Suppose -348 = -409*s + 61*s. Suppose -4*p + 1 = -g, -g = g - 3*p - 3. Calculate the remainder when g is divided by s.
0
Suppose 0 = r - 1 - 1. Suppose -r*u - 40 = -170. Suppose s + 15 = u. What is the remainder when s is divided by 13?
11
Suppose -60 = -2*y - 3*y. Calculate the remainder when (-1 + 162)*y/42 is divided by 25.
21
What is the remainder when (-6)/12*6 + 36 is divided by 7?
5
Calculate the remainder when 0 - 5/2*(2 + -4) is divided by 1.
0
Suppose 22*d - 10059 = 4967. Calculate the remainder when d is divided by 12.
11
Let j = 45 + -10. Let i = -165 + 237. Suppose -12 = 4*k - 4*f - i, -3*f - 9 = 0. What is the remainder when j is divided by k?
11
Suppose -37*y + 220 = -32*y. Suppose 0 = -2*f + f + 12. Calculate the remainder when y is divided by f.
8
Let z(k) = 5*k**2 - 4*k - 3. Calculate the remainder when 1228/10 - 7/(-35) is divided by z(-2).
23
Suppose 0*a + 2*a + 1 = 3*l, -4*a - l = -19. Suppose -3*r = -a*o + 78, 0 = 4*o + 2*r - 97 + 9. Calculate the remainder when 40 is divided by o.
19
Suppose -n + 3*p = -218, -2*p + 675 = 3*n - 4*p. Calculate the remainder when n is divided by 5.
2
Let n(z) = z**2 + 7*z + 9. Let l be n(-6). Suppose 170 = 5*o - 4*i, o + l*i + 23 = 2*o. Let p = o + -20. Calculate the remainder when p is divided by 4.
2
Let b be 3/2*36/27. Let k be (-576)/(-40) + b/(-5). Calculate the remainder when 24 is divided by (1/3)/(k/378).
6
What is the remainder when 5*((-415)/(-75) - 4/(-6)) is divided by 13?
5
Let z(q) = 29*q - 147. Calculate the remainder when z(8) is divided by 45.
40
Let u = 71 + -37. Calculate the remainder when u is divided by -1 - -19*1*1.
16
Let f(g) be the third derivative of g**6/120 - g**5/15 - g**2. Let z be f(3). Calculate the remainder when -58*z/6 - -1 is divided by 30.
28
Suppose 15 = 5*i, 4*r = 4*i + 35 + 13. Suppose r = x - 4*x. What is the remainder when (50 - -1) + (-7 - x) is divided by 13?
10
Let m be -4 + 5 - (-8 + 4). Let x(q) = 2*q - 3. Calculate the remainder when 24 is divided by x(m).
3
Suppose 3*z + 28 = -2*p, 4*p - 9 = 4*z + p. Suppose -2*k - 3*k + 149 = 3*u, -5*u = 4*k - 114. What is the remainder when k is divided by 830/50 + z/10?
15
Suppose 2*w - 78 = -0*w. Suppose -21 = -2*p + 131. What is the remainder when p is divided by w?
37
Let j = -31 - -34. Calculate the remainder when 34 is divided by j.
1
Let a be 5/3 + (-20)/30. Let v(s) = -s + 3. Let k be v(0). What is the remainder when k/a + 3 + 5 is divided by 6?
5
Let p(l) be the second derivative of l**3/6 + l**2/2 + 8*l. Let h be p(-2). Let m(q) = -16*q - 1. Calculate the remainder when 28 is divided by m(h).
13
Suppose -350 = -5*k + 4*a, -k + 2*a = 18 - 88. What is the remainder when k is divided by 16?
6
Let s = 19 + -21. Let r = s + -2. Calculate the remainder when (r - (-124)/(-20))*-5 is divided by 27.
24
Suppose 0 = 10*c - 16*c + 60. What is the remainder when 67 is divided by c?
7
Let b = -140 - -247. Suppose -4*v + b = -2*i + 27, -61 = -3*v + 2*i. Calculate the remainder when v is divided by 7.
5
Let h(w) = 9*w**2 - 3*w - 2. What is the remainder when h(-3) is divided by 18 - (-23 - 143/(-13))?
28
Suppose -60 = -4*d + 36. What is the remainder when 36 is divided by d?
12
Let k(x) = -x**3 + 27*x**2 - 29*x + 189. Calculate the remainder when k(26) is divided by 20.
11
Let o be (-93)/(-2) + 1/(-2). Let k = o - 27. What is the remainder when 36 is divided by k?
17
Let n = 3143 + -3125. Suppose 24 + 30 = 2*y. What is the remainder when y is divided by n?
9
What is the remainder when -1 + 7 - (-135)/5 is divided by 12?
9
Let l be 2/3*-3 - 1. Let t = 5 - l. What is the remainder when 34 is divided by 2*2*24/t?
10
Let c(a) = -a**3 - 13*a**2 + 13*a - 10. Let d be c(-14). Suppose m + 15 = d*m. Suppose 3*y = m*y - 24. What is the remainder when 34 is divided by y?
10
Let d(t) = 113*t - 215. Calculate the remainder when (-49)/(-3) + (-1)/3 is divided by d(2).
5
Let i be 71 - 7/(35/15). Let s = 73 - i. Calculate the remainder when 22 is divided by s.
2
Let a(j) = -j**3 - 6*j**2 - 5*j - 4. Let i be a(-7). Let b = i - 45. What is the remainder when 279 is divided by b?
34
Let b(a) = -2*a**3 - a**2 - 1. Let r be b(2). Let k = r - -35. What is the remainder when (18/5)/(2/90*6) is divided by k?
13
Let l = -1844 + 1969. What is the remainder when l is divided by 28?
13
Let v(a) = 4*a**3 - 14*a**2 + 12. Calculate the remainder when v(6) is divided by 94.
90
Suppose 9*v + 60 = 5*v. Calculate the remainder when 127 is divided by (((-25)/v)/(-5))/(1/(-96)).
31
Let r = 30 - 17. Let u = -15 + r. What is the remainder when 41 is divided by 4 - 0 - 14/u?
8
Suppose 0 = 24*i - 25*i + 5. Suppose 10*n - 405 = i*n. Calculate the remainder when n is divided by 21.
18
Let b(m) = 2*m**2 + 6*m - 4. Let w be b(-5). Suppose 0 = 3*g - 4*o + 20, 5*g + o = -0*o + 5. What is the remainder when 43 is divided by (g - 0) + w + -1?
13
Suppose 0 = -9*x - 186 + 492. Suppose -5*i + 556 = -114. What is the rema